 the greatest common factor of u and v?
8
Suppose 95*x = 33*x + 49786. Suppose -x = -v - 3*p + 2*p, -5*p = -4*v + 3230. What is the greatest common divisor of 23 and v?
23
Let a = 637 + 11674. What is the greatest common factor of a and 13?
13
Suppose 0 = 3*z - 5*z + 2*h - 194, 91 = -z - h. Let k = 116 + z. What is the highest common divisor of 55 and k?
11
Let y be 4/(-10) - 294/15. Let i be 3091/110 - (-2)/y. What is the highest common divisor of 49 and i?
7
Suppose v = -7, -5*s = 4*v - 2*v - 29816. What is the highest common factor of 152 and s?
38
Let v = -138 + 168. Suppose -v = 2*s - 82. What is the greatest common divisor of s and 39?
13
Suppose 0 = -5*r - 2*b + 21, 4*r = 4*b - 2*b + 6. Suppose 0 = 2*s - 3*d - 2*d - 25, 50 = r*s + 5*d. Calculate the highest common divisor of s and 90.
15
Let n = 0 - -1. Suppose -3*c - 5*f = -7*f + 88, -3*f - 106 = 4*c. Let s be c/(-21) + n/(-3). What is the greatest common divisor of s and 7?
1
Suppose -2*g - 24 = -g. Let l be (-12)/(6/(84/(-8) + 6)). Let s be g/l*300/(-16). What is the highest common factor of s and 20?
10
Let y be (-1)/4 - (-90)/8. Suppose -4*d + 785 = -3*p, 263 + 222 = -2*p - 5*d. Let j = 266 + p. What is the highest common factor of j and y?
11
Let f be 2 - 90/(-5) - -18. What is the highest common divisor of 4541 and f?
19
Suppose 35 = 5*q, 4*q + 202 = 18*t - 13*t. Calculate the greatest common divisor of t and 3887.
23
Let s = 2776 - 2408. What is the highest common factor of 192 and s?
16
Let n be 217/(((24/15)/8)/1) + 4. What is the highest common divisor of 605 and n?
121
Suppose -4*o = 9*o - 8307. Suppose -4*c - 2*y = -858, 3*c + 18*y - o = 15*y. What is the highest common factor of 27 and c?
27
Let c be (-180)/72 + (-165)/(-2). Suppose 6*y - y = c. Calculate the highest common factor of 472 and y.
8
Suppose 198 = -10*u + 728. Suppose -54*b + u*b = -143. What is the highest common divisor of b and 13?
13
Let f be 2/(-10) + 5344/(-5) + 5. Let u be (-1)/6 + f/(-48). Let y = -98 + 296. Calculate the highest common divisor of u and y.
22
Let f be ((-132)/231)/((-4)/14). What is the greatest common factor of f and 59?
1
Suppose -i = 18*s - 21*s + 464, -s + 2*i + 148 = 0. What is the greatest common factor of 4264 and s?
52
Let w(q) = 1017*q**2 - 454*q - 2775. Let b be w(-6). What is the greatest common factor of 21 and b?
21
Let t = -983 - -1215. What is the highest common factor of t and 2?
2
Let l = -1012 - -1529. What is the highest common factor of 88 and l?
11
Suppose -829*y + 835*y - 12 = 0. Suppose -2*l = -4*h - 64, -3*l = y*l - h - 133. Let x be (2 + -1)*38 - -1. Calculate the greatest common factor of l and x.
13
Let b = 4217 + -3650. What is the highest common factor of b and 91?
7
Suppose -529*k = -523*k - 1056. What is the highest common factor of 638 and k?
22
Let d(x) = -x**2 - 32*x + 56. Let c be d(-32). What is the greatest common factor of c and 329?
7
Let f(l) = -27*l + 15*l**2 - 10 - 6*l + 27*l. Let a be (-29)/9 - (-6)/27. Let u be f(a). Calculate the greatest common factor of 22 and u.
11
Suppose 4*i - 3*h - 39 = 0, 3*i - 5 = 5*h + 27. Let j(y) = 280*y - 20133. Let o be j(72). Calculate the highest common factor of i and o.
9
Let b(k) = 269*k - 19. Let w be b(-2). Let t = w - -813. What is the greatest common divisor of t and 16?
16
Let a(d) = 12*d**2 + 14*d + 11. Let s be a(-4). Let m = -112 + s. What is the greatest common factor of m and 35?
35
Let t = -10 + 18. Let h be 15/(-4)*(120/(-18))/5. Suppose h*l = -2*d + 47, 3*d - t*d + 5*l + 65 = 0. Calculate the greatest common divisor of d and 16.
16
Suppose 11 + 9 = -4*c. Let g(f) = -f**2 - 5*f + 4. Let a be g(c). Suppose -a*x + 27 = -x. What is the greatest common divisor of x and 63?
9
Suppose 0 = 3*w - 36. Suppose 4*r - 5 = -j, -r - 76 = -4*j - 3*r. Suppose -3*h = -309 + j. What is the greatest common divisor of h and w?
12
Suppose 56 = s - 5*o - 272, -16 = -4*o. Calculate the greatest common divisor of 30 and s.
6
Suppose 2*g - 26678 = 50*u - 47*u, 0 = -4*g + 2*u + 53364. What is the highest common factor of g and 70?
14
Suppose -1002 = -f - 94*a + 90*a, 2*f - 4*a = 2040. What is the greatest common factor of 52 and f?
26
Let r = -27157 + 28614. Calculate the highest common divisor of r and 713.
31
Suppose 36*v + 2*k + 491 = 41*v, -5*k + 10 = 0. Calculate the greatest common factor of 63 and v.
9
Suppose -320 = -4*f + f - 2*x, 4*f - 436 = 2*x. Let p = -80 + 98. Suppose 14*n + 144 = p*n. What is the highest common factor of n and f?
36
Let o(a) = a**2 + 4*a - 27. Let z be 174/(-12) - (-9)/6. Let j be o(z). Let b be 0 + 1/(2/j). What is the highest common factor of b and 18?
9
Let b(a) = 3*a + 173. Let c be b(-46). Calculate the greatest common divisor of c and 665.
35
Let f(o) = o**3 - o**2 + o + 21. Let d be f(0). Suppose 15*g - 196 = -61. What is the highest common divisor of g and d?
3
Let i(t) = -t**2 + 10*t - 36. Let k be i(8). Let s be 1*k/8*(-552)/20. What is the greatest common divisor of 759 and s?
69
Suppose -2*q + q - 3*b + 114 = 0, 4*b = q - 79. Let g(l) = -4*l**3 - 5*l**2 + l + 12. Let h be g(-3). What is the highest common factor of q and h?
9
Let f = 18 + -27. Let z be 2/(-1)*f - 2. Let x(d) = -121*d + 1468. Let j be x(12). Calculate the highest common factor of j and z.
16
Suppose -4*x + 5*x - 20 = 2*o, 2*o - 12 = -x. Suppose -526 = -x*j + 386. What is the greatest common factor of 285 and j?
57
Suppose 6*h = 386 - 2906. Let x = 990 + h. Calculate the highest common divisor of 15 and x.
15
Suppose -16994 = 77*h - 125410. What is the greatest common factor of 96 and h?
32
Let b(w) = -w**3 - 6*w**2 - 9*w - 40. Let s be (3/((-15)/35))/(-3 - -4). Let z be b(s). Calculate the highest common divisor of 24 and z.
24
Let r = -25 - -6. Let f = r - -8. Let n = f - -26. What is the greatest common divisor of n and 30?
15
Let u be (42 + -39)/((-1)/44*-2). Let q = 70 - u. Suppose 0 = -2*t - 1 + 9. What is the highest common divisor of t and q?
4
Let j(v) = -21*v + 1358. Let g be j(-35). Calculate the highest common factor of g and 364.
91
Suppose 0 = 3*b + 17 - 11. Let g be (8 + 54/(-15))/(b/(-15)). Calculate the greatest common factor of g and 297.
33
Suppose -5*g = -2*l - 15383, 21*l = 5*g + 16*l - 15395. What is the highest common factor of 150 and g?
75
Let n be (1/(-2))/(8/704). Suppose 0 = -4*g + 4*c + 196, 2*c - 57 = -g + 7*c. Let k = g + n. Calculate the greatest common divisor of k and 30.
3
Let b(w) = -4*w**3 - 5*w**2 + 6*w + 27. Let c(d) = -4*d - 27. Let r be c(-6). Let f be b(r). Calculate the greatest common factor of 96 and f.
24
Let h = -1134 - -1136. Suppose -16*r = -h*r - 476. Let x = 113 - 28. Calculate the highest common divisor of r and x.
17
Suppose b = 8 - 57. Let l = 51 + b. Suppose 4*g = -a + 462, -a - l*g = 4*a - 2310. Calculate the greatest common factor of a and 42.
42
Let u be (-2)/3*3 + 72. Let o(i) = -i**2 + 253*i - 8730. Let j be o(45). What is the greatest common divisor of j and u?
70
Let j(r) = r**3 - 10*r**2 + 131*r - 1415. Let m be j(13). Calculate the greatest common divisor of m and 15.
15
Let t = 252 + 56. What is the greatest common divisor of t and 836?
44
Let l = -239 - -252. Let k be -10 + l + (0 - -283). What is the greatest common divisor of k and 26?
26
Let f be (-915)/6405 + (-13764)/(-14) + 1. What is the greatest common factor of 1107 and f?
123
Let f(b) = 238*b + 481. Let w be f(-2). Calculate the greatest common divisor of w and 25.
5
Let z be (((-510)/24)/17)/(2/(-24))*2. What is the greatest common divisor of z and 70?
10
Suppose -2*o + 3*i + 87 = 0, o + 0 = 4*i + 41. Suppose -60 = 2*f - 0*f. Let n be 0*((-4)/(-8) + 0) - f. What is the greatest common divisor of o and n?
15
Suppose -l + 5*w = -3 + 8, 2*l + 3*w - 29 = 0. Let b be ((-20)/l)/(4/(-46)). Suppose 43 + b = 6*a. What is the greatest common divisor of a and 44?
11
Suppose -8*d + 91 + 373 = 0. Let i = 114 - d. What is the greatest common divisor of 196 and i?
28
Let l be (106 - 0)*4/8*11. Calculate the greatest common divisor of 319 and l.
11
Let f be 325/45 - 3*(-2)/(-27). Suppose -f*b + 3*b = -496. Let k = b - 79. What is the highest common factor of 9 and k?
9
Suppose -c - c + 8 = 0. Let y be (-1)/(-14)*-8 - 2784/28. Let f = -72 - y. What is the highest common divisor of f and c?
4
Suppose